/(1/(-4)) a composite number?
False
Let o(m) be the first derivative of -39*m**4 + m**3/3 + m**2/2 + 1. Let j be o(-1). Suppose -j = -3*h - 5*k + 225, -381 = -3*h + k. Is h a prime number?
True
Let q(y) = 65*y. Let x be q(1). Let r = x - 28. Is r a prime number?
True
Let y be -42*(4 + (-2)/(-7)). Let a = y - -311. Is a composite?
False
Suppose -12*d = -d - 9031. Is d prime?
True
Let w(v) = 19*v**2 - v + 1. Let d be 3/2*(-6)/(-9). Is w(d) a composite number?
False
Suppose 4*a - 3696 - 9860 = 0. Is a a prime number?
True
Let p(x) = 15*x**2 - 2*x + 4. Is p(-3) a composite number?
True
Let y = -249 - -366. Let t = y - -24. Is t prime?
False
Suppose 3*q - 6*q + 921 = 0. Is q prime?
True
Suppose y - 11 = 4*g, -g - 3*y = g - 5. Let j(q) = 202*q**2 + 5*q + 1. Is j(g) prime?
False
Let y = 40 + -71. Let h = y + 53. Is h composite?
True
Let a = -46 - -12. Suppose 0 = 7*n - 2*n - 20. Let z = n - a. Is z prime?
False
Let p = 2 - -10. Suppose -4*q - p + 4 = 0. Is ((-4)/(-8))/(q/(-188)) prime?
True
Suppose 4*k + 5*y = -1 - 11, -5*k - 10 = 5*y. Suppose k*r - 265 = -3*r. Is r prime?
True
Is (1/(-1)*211)/(-1) a composite number?
False
Suppose -5*d - z + 528 = -23, -217 = -2*d + 3*z. Let a = d - 45. Is a composite?
True
Let y(q) = -8*q**3 + q**2 + q - 1. Is y(-2) prime?
False
Let u = 58 - 51. Is u composite?
False
Let u(x) = 8*x**2 - 3*x + 10. Is u(9) a prime number?
True
Suppose a - 121 = -2*f, -2*a - f + 348 - 97 = 0. Suppose 3*s - 63 = -4*i + 107, -5*s + 2*i + 292 = 0. Let m = s + a. Is m prime?
False
Suppose -2247 = -4*p + p. Is p a composite number?
True
Let g = 154 - -373. Is g a composite number?
True
Suppose 0 = 2*n - h - 1675 + 84, -3*h + 1603 = 2*n. Is n prime?
True
Suppose 4*z = 2*z - 3*l + 22, 3*z = l + 11. Let w(v) = -v**3 + 4*v**2 + 5*v + 1. Let s be w(z). Is (21/(-6))/(s/(-2)) a prime number?
True
Let y(a) = a**3 - 5*a**2 - 6*a. Let b be y(6). Is b + -1 + 1 - -499 prime?
True
Suppose 8 = 4*u - 12. Suppose -3 + 70 = 3*b + u*y, -2*b - 5*y = -53. Is b a composite number?
True
Suppose -g - 5*z + 1280 = 4*g, -2*g - 4*z + 510 = 0. Is g composite?
False
Suppose 738 = 6*p - 2100. Is p a composite number?
True
Let d(z) = 30*z + 43. Is d(15) a composite number?
True
Suppose -6 = j - 3*j. Suppose -d + j*p + 125 = 0, -5*p + 144 = d + 35. Is d a prime number?
False
Let s be 208/36 + (-4)/(-18). Let r = s + 4. Is (-88)/20*r/(-2) a prime number?
False
Let u = -47 + 129. Is u a prime number?
False
Let t = 9 - 10. Is (-3 + -918)*t/3 a prime number?
True
Let n(t) = -t**2 - 2*t - 2. Let g be n(-2). Is (48/(-3))/(-4) - g composite?
True
Suppose 2*t - s + 2*s = -20, 10 = -t - s. Is (55/t)/((-2)/20) a composite number?
True
Let q be (8/12)/((-4)/(-1458)). Let j = q + -8. Is j a prime number?
False
Suppose 0*p + z + 38 = 4*p, 4*p = -4*z + 28. Let u = 22 + p. Is u composite?
False
Let z be ((0/(-2))/(-3))/1. Suppose 3*d = 9, 5*d + 5 = -p - z*p. Let s = p - -34. Is s a prime number?
False
Let o(f) = -5*f**3 + 23*f**2 - 7*f + 24. Let i(a) = -a**3 + 6*a**2 - 2*a + 6. Let y(z) = -9*i(z) + 2*o(z). Let c(k) = 4*k - 1. Let h be c(-2). Is y(h) prime?
False
Is (-2)/(2 - (-760)/(-379)) prime?
True
Let r(d) = 85*d + 1. Let w be r(-1). Let v = w - -173. Is v a prime number?
True
Let t = -10 - -12. Suppose t*b + 8*l + 11 = 3*l, -4*b + 5*l = -23. Is b a prime number?
True
Let f(a) = 3*a. Let o be f(1). Let c(j) be the first derivative of 11*j**3/3 - j**2 - 4*j - 12. Is c(o) composite?
False
Let g(x) = x**2 - 2. Let o = 4 - 2. Let p be g(o). Is p*(-3)/(-6)*287 a composite number?
True
Let a = 103 - -86. Let z = a + -110. Is z prime?
True
Suppose 921 = 4*a - 403. Is a a composite number?
False
Let a(j) = -9*j**3 + 3*j**2 - j - 22. Is a(-3) prime?
True
Let a = -1347 - -1982. Is a a composite number?
True
Let t(g) = -g**3 - 12*g**2 + 22*g + 22. Is t(-15) prime?
True
Let k(h) = -7*h - 5. Let y be k(-6). Suppose 0 = -n + 5*q + y, -n = -4*q - 35 + 1. Is n a composite number?
True
Suppose 345 = 3*u + 2*u. Is u composite?
True
Let s(x) = 10*x**3 - 2*x**2 - 14*x - 19. Is s(8) a composite number?
False
Let c(q) = -3*q**2 + 5*q - 4. Suppose -f + 3*w + 17 = 0, -5 = 3*f + 4*w + 9. Let d(s) = -s**2 + 1. Let h(z) = f*d(z) - c(z). Is h(4) a prime number?
True
Let n(w) = -w**3 + 5*w**2 + 9*w - 15. Let g be n(6). Suppose -3*q + c + 261 = -q, 0 = g*c - 3. Is q prime?
True
Suppose 3*c = -0*d + d + 24, -2*d = 4*c - 32. Let b = 5 - c. Is (-2)/b*3 - -21 a prime number?
True
Let p(g) = -38*g - 49. Is p(-15) prime?
True
Let q = 928 - 341. Is q a prime number?
True
Let h(v) = 25*v**2 + 8*v - 10. Is h(-11) a prime number?
True
Let c(v) = -32*v + 3. Is c(-2) a prime number?
True
Let c(h) = 2*h - 3. Let t be c(-8). Let z = t - -40. Is z composite?
True
Suppose -4*v + 1455 = -v. Is v composite?
True
Let m = -2 - -5. Suppose -m*n + 0 = -21. Is n composite?
False
Let r = 329 - -449. Is r composite?
True
Suppose -6 = -5*t + 4. Suppose -k = 2*s, -5*k - s + t + 7 = 0. Suppose -z + k*z - 26 = 0. Is z prime?
False
Suppose -4*p = p + 5, -5*l + p + 151291 = 0. Is l/45 - 6/(-10) a prime number?
True
Let v(m) = m**3 - 5*m**2 - 1. Suppose 0*u - 5 = -u. Let y be v(u). Is y/(((-3)/39)/1) composite?
False
Let p(w) = -w**2 + 9*w - 13. Let c be p(7). Is c + 776/4 - 4 a composite number?
False
Let t(r) = -20*r - 3. Is t(-5) prime?
True
Let u be 3 + 0 + (-1368)/(-2). Let q = -413 + u. Suppose -g - g + q = -4*z, -g + 3*z = -139. Is g a composite number?
True
Let j(t) = t**3 - 2*t**2 - 8*t + 1. Suppose 9*s = 6*s + 18. Is j(s) prime?
True
Suppose 413 = h - 560. Is h a composite number?
True
Let h(b) = 25*b + 0 - 104*b + 2. Let l be h(8). Is 1/(l/(-314) + -2) prime?
True
Suppose 4*y - 12 = 0, o - 3*y + 27 - 4 = 0. Let j(a) = -a**3 - 13*a**2 + 6*a + 21. Is j(o) composite?
True
Let t = 13 + -8. Suppose -t*k + 4*k + 115 = 0. Is k a composite number?
True
Let b be -4 + (-4 - -3) + -3. Is -596*((-14)/b + -3) composite?
True
Suppose -h + 0*h = -3. Suppose h*d = 2*b + 8*d - 274, -d - 504 = -4*b. Is b a composite number?
False
Let v(a) = -19*a**3 + 2*a**2 + 3*a + 1. Let f be v(-2). Suppose -3*j + f = 2*j. Is j composite?
False
Let y = -6 - -10. Suppose -3*k + 69 = -d, 0 = -y*k - 0*d + 5*d + 92. Let j = -4 + k. Is j a prime number?
True
Suppose -v = -5*b - 7, -2*v + 1 = b + 20. Let c = v + 21. Is c + -3 - (0 + 0) a composite number?
True
Suppose -a = -2*c - 4*a + 63, -4*c = 4*a - 128. Is c composite?
True
Suppose -3*l + 2 = -19. Let i = l - 0. Is i prime?
True
Let a(c) = -c**3 - 5*c**2 + 8*c + 7. Let l be a(-6). Let u be ((l - 0) + -1)/1. Is 404/u*-3 - -1 a prime number?
False
Suppose 109 = 4*j - 23. Is j composite?
True
Let w(a) = a**2 + 6*a + 3. Let l = 0 + 1. Let z = l + -8. Is w(z) prime?
False
Suppose -t + 12 = 4*d - 16, -45 = -2*t + 3*d. Let r = t + 67. Is r prime?
False
Suppose -4*i + 0*i + 12 = 0, 2*r - i = 151. Is r a composite number?
True
Let d = 49 - 29. Suppose 0 = -7*i + 2*i + d. Suppose 103 = -i*t + 459. Is t a prime number?
True
Let n(u) = 153*u**2 - 2*u. Suppose v - 7*v = 6. Is n(v) a composite number?
True
Suppose u + 4 = 3*u. Suppose 0 = -2*p - q + 2*q + 447, -448 = -2*p + u*q. Is p prime?
True
Is 10/75 + (43963/15 - -2) composite?
True
Suppose 1287 = c - 82. Is c a prime number?
False
Let t(h) = 268*h + 27. Is t(5) a composite number?
False
Suppose 2*j - 240 = -4*u, 5*u + 117 = -5*j + 707. Suppose 4*w + j = 6*w. Is w prime?
False
Is (-10)/45 - (-1426)/18 a prime number?
True
Suppose h + 4*h = 10. Let t be 6/(-15) + (-66)/(-15). Suppose 4*k + 20 = t*r, h*k + 7 = -r - k. Is r composite?
False
Let f(y) = y**3 + 3*y**2 - 5*y - 1. Is f(6) a composite number?
False
Suppose 5*i + 18 = 2*t + 4, -3*i + 2*t = 10. Let o be 2/i*3*-1. Suppose -2*x = -2*b + 116, -x - 96 = -2*b - o*x. Is b composite?
False
Suppose 3*i = -4*n + 3101, 5*n - 75 = 4*i - 4251. Is i a composite number?
False
Suppose -s + 6*s + 110 = 5*y, 5*s + y + 86 = 0. Is (s + -3 - -2)*-1 prime?
True
Let c be (536/(-2))/(-6 - -4). Is (c/(-4))/(11/(-110)) a prime number?
False
Let i = 0 - -9. Suppose 0 = 2*s + s - i. Suppose -j = 2*p - 106 + 2, 3*p - s*j = 165. Is p composite?
False
Suppose u - 3 = 1. Suppose -s + u*b + 4 = -4*s, -5*s = 3*b + 3. Suppose 4*f = -4*i + 160, 0 = f + 4*i - s*i - 49. Is f a composite number?
False
Let v(g) = 20*g**3 - 4*g + 3. Let l = -12 - -14. 